{"version":"1.0","provider_name":"Fernando Ortu\u00f1o","provider_url":"https:\/\/fernandortuno.com\/es\/","author_name":"admin","author_url":"https:\/\/fernandortuno.com\/es\/author\/admin\/","title":"biograf\u00eda - Fernando Ortu\u00f1o","type":"rich","width":600,"height":338,"html":"<blockquote class=\"wp-embedded-content\" data-secret=\"tR7ywBAc61\"><a href=\"https:\/\/fernandortuno.com\/es\/biografia\/\">biograf\u00eda<\/a><\/blockquote><iframe sandbox=\"allow-scripts\" security=\"restricted\" src=\"https:\/\/fernandortuno.com\/es\/biografia\/embed\/#?secret=tR7ywBAc61\" width=\"600\" height=\"338\" title=\"\u00abbiograf\u00eda\u00bb \u2014 Fernando Ortu\u00f1o\" data-secret=\"tR7ywBAc61\" frameborder=\"0\" marginwidth=\"0\" marginheight=\"0\" scrolling=\"no\" class=\"wp-embedded-content\"><\/iframe><script type=\"text\/javascript\">\n\/* <![CDATA[ *\/\n\/*! This file is auto-generated *\/\n!function(d,l){\"use strict\";l.querySelector&&d.addEventListener&&\"undefined\"!=typeof URL&&(d.wp=d.wp||{},d.wp.receiveEmbedMessage||(d.wp.receiveEmbedMessage=function(e){var t=e.data;if((t||t.secret||t.message||t.value)&&!\/[^a-zA-Z0-9]\/.test(t.secret)){for(var s,r,n,a=l.querySelectorAll('iframe[data-secret=\"'+t.secret+'\"]'),o=l.querySelectorAll('blockquote[data-secret=\"'+t.secret+'\"]'),c=new RegExp(\"^https?:$\",\"i\"),i=0;i<o.length;i++)o[i].style.display=\"none\";for(i=0;i<a.length;i++)s=a[i],e.source===s.contentWindow&&(s.removeAttribute(\"style\"),\"height\"===t.message?(1e3<(r=parseInt(t.value,10))?r=1e3:~~r<200&&(r=200),s.height=r):\"link\"===t.message&&(r=new URL(s.getAttribute(\"src\")),n=new URL(t.value),c.test(n.protocol))&&n.host===r.host&&l.activeElement===s&&(d.top.location.href=t.value))}},d.addEventListener(\"message\",d.wp.receiveEmbedMessage,!1),l.addEventListener(\"DOMContentLoaded\",function(){for(var e,t,s=l.querySelectorAll(\"iframe.wp-embedded-content\"),r=0;r<s.length;r++)(t=(e=s[r]).getAttribute(\"data-secret\"))||(t=Math.random().toString(36).substring(2,12),e.src+=\"#?secret=\"+t,e.setAttribute(\"data-secret\",t)),e.contentWindow.postMessage({message:\"ready\",secret:t},\"*\")},!1)))}(window,document);\n\/\/# sourceURL=https:\/\/fernandortuno.com\/wp-includes\/js\/wp-embed.min.js\n\/* ]]> *\/\n<\/script>\n","description":"Dise\u00f1ador de interiores, ejerce profesionalmente desde 1986 trabajando en sus inicios para otros estudios de dise\u00f1o de interiores, en 1998 funda &#8216;la f@ctoria _innovaci\u00f3 i disseny&#8217; desarrollando sus proyectos en el \u00e1mbito de la vivienda, el interiorismo naval, y el dise\u00f1o comercial. En 2007 decide aunar sus dos pasiones, el dise\u00f1o y el arte, y dedicar su estudio exclusivamente al dise\u00f1o expositivo, realizando proyectos para museos y centros culturales p\u00fablicos y privados, hasta el d\u00eda de hoy que concreta su trabajo en el proyectofernando ortu\u00f1o _dise\u00f1o expositivo. En el campo de la docencia, a sido profesor en el Master de Gesti\u00f3n cultural de la Universidad CEU San Pablo, en cursos sobre dise\u00f1o expositivo en la EASD de Valencia, y en diversas escuelas de dise\u00f1o.\u00a0En 2019 junto con otros creadores y profesionales recibe el encargo de realizar la creaci\u00f3n de los contenidos docentes para el Grado de Artes de la Universitat Oberta de Catalunya realizando personalmente el contenido de los cr\u00e9ditos sobre \u201cDise\u00f1o de Instalaciones Art\u00edsticas\u201d dentro del Taller De Arte Sonoro. En el campo de la investigaci\u00f3n realiza junto al doctor en Bellas Artes y artista sonoro Edu Comelles el proyecto de investigaci\u00f3n eternamente inconcluso \u201cel espacioaudible\u201d sobre modos expositivos para el arte sonoro, al amparo de la Escuela Superior de Dise\u00f1o de Valencia. Como profesional ha escrito semanalmente durante tres a\u00f1os en el suplemento del del diario Levante sobre interiorismo, y ha desarrollado art\u00edculos para revistas de investigaci\u00f3n como Eufon\u00eda, y el primer n\u00famero de la revista del Arxiu Valenci\u00e0 de Disseny."}

Fernando Ortuño

biografía - Fernando Ortuño

<blockquote class="wp-embedded-content" data-secret="tR7ywBAc61"><a href="https://fernandortuno.com/es/biografia/">biografía</a></blockquote><iframe sandbox="allow-scripts" security="restricted" src="https://fernandortuno.com/es/biografia/embed/#?secret=tR7ywBAc61" width="600" height="338" title="«biografía» — Fernando Ortuño" data-secret="tR7ywBAc61" frameborder="0" marginwidth="0" marginheight="0" scrolling="no" class="wp-embedded-content"></iframe><script type="text/javascript">
/* <![CDATA[ */
/*! This file is auto-generated */
!function(d,l){"use strict";l.querySelector&&d.addEventListener&&"undefined"!=typeof URL&&(d.wp=d.wp||{},d.wp.receiveEmbedMessage||(d.wp.receiveEmbedMessage=function(e){var t=e.data;if((t||t.secret||t.message||t.value)&&!/[^a-zA-Z0-9]/.test(t.secret)){for(var s,r,n,a=l.querySelectorAll('iframe[data-secret="'+t.secret+'"]'),o=l.querySelectorAll('blockquote[data-secret="'+t.secret+'"]'),c=new RegExp("^https?:$","i"),i=0;i<o.length;i++)o[i].style.display="none";for(i=0;i<a.length;i++)s=a[i],e.source===s.contentWindow&&(s.removeAttribute("style"),"height"===t.message?(1e3<(r=parseInt(t.value,10))?r=1e3:~~r<200&&(r=200),s.height=r):"link"===t.message&&(r=new URL(s.getAttribute("src")),n=new URL(t.value),c.test(n.protocol))&&n.host===r.host&&l.activeElement===s&&(d.top.location.href=t.value))}},d.addEventListener("message",d.wp.receiveEmbedMessage,!1),l.addEventListener("DOMContentLoaded",function(){for(var e,t,s=l.querySelectorAll("iframe.wp-embedded-content"),r=0;r<s.length;r++)(t=(e=s[r]).getAttribute("data-secret"))||(t=Math.random().toString(36).substring(2,12),e.src+="#?secret="+t,e.setAttribute("data-secret",t)),e.contentWindow.postMessage({message:"ready",secret:t},"*")},!1)))}(window,document);
//# sourceURL=https://fernandortuno.com/wp-includes/js/wp-embed.min.js
/* ]]> */
</script>

Diseñador de interiores, ejerce profesionalmente desde 1986 trabajando en sus inicios para otros estudios de diseño de interiores, en 1998 funda &#8216;la f@ctoria _innovació i disseny&#8217; desarrollando sus proyectos en el ámbito de la vivienda, el interiorismo naval, y el diseño comercial. En 2007 decide aunar sus dos pasiones, el diseño y el arte, y dedicar su estudio exclusivamente al diseño expositivo, realizando proyectos para museos y centros culturales públicos y privados, hasta el día de hoy que concreta su trabajo en el proyectofernando ortuño _diseño expositivo. En el campo de la docencia, a sido profesor en el Master de Gestión cultural de la Universidad CEU San Pablo, en cursos sobre diseño expositivo en la EASD de Valencia, y en diversas escuelas de diseño. En 2019 junto con otros creadores y profesionales recibe el encargo de realizar la creación de los contenidos docentes para el Grado de Artes de la Universitat Oberta de Catalunya realizando personalmente el contenido de los créditos sobre “Diseño de Instalaciones Artísticas” dentro del Taller De Arte Sonoro. En el campo de la investigación realiza junto al doctor en Bellas Artes y artista sonoro Edu Comelles el proyecto de investigación eternamente inconcluso “el espacioaudible” sobre modos expositivos para el arte sonoro, al amparo de la Escuela Superior de Diseño de Valencia. Como profesional ha escrito semanalmente durante tres años en el suplemento del del diario Levante sobre interiorismo, y ha desarrollado artículos para revistas de investigación como Eufonía, y el primer número de la revista del Arxiu Valencià de Disseny.
